 + 2. Let u be f(2). Let h = b - u. List the prime factors of h.
17
Let p(s) = -3*s - 12. Let w be p(-9). Let t(n) = 8*n + 1. Let o be t(1). Suppose -12*z + o*z = -w. What are the prime factors of z?
5
Suppose 0 = 2*q - 4*q + c + 5788, 3*c + 8679 = 3*q. What are the prime factors of 1/(8700/q - (2 - -1))?
193
Let o be -4 - 5/((-15)/282). Suppose -5*u - o = -7*u. What are the prime factors of u?
3, 5
Let n(g) be the second derivative of 7*g**3/6 - g**2 + 5*g. Let d be n(2). Suppose 5*y - d = y. List the prime factors of y.
3
Let i(h) = -2*h**2 - h + 2. Let j be i(4). Let z = 12 + j. Let b = z + 40. List the prime factors of b.
2, 3
Let k be 64/12 + (-2)/(-3). Suppose k*m - m = 0. Suppose -5*o + b = -60, -5*b = -o - m*o - 12. What are the prime factors of o?
13
List the prime factors of 10/(-5) - 4 - -300.
2, 3, 7
Let h(u) be the first derivative of 11 - 2*u + 2*u**2 + 1/3*u**3 - 1/4*u**4. What are the prime factors of h(-4)?
2, 31
Suppose 4*o = 2*g - 30, -3*g - o = -13 - 39. Let r = 101 - g. Suppose -3*b = -2*n + 27 + 32, 2*n = -2*b + r. List the prime factors of n.
37
Let p = 144 + -54. Suppose j - 93 = -4*u, -j + 0 = u - p. What are the prime factors of j?
89
Let c = -1909 - -2723. What are the prime factors of c?
2, 11, 37
Let d be -16 + -1 + 3/9*3. What are the prime factors of ((-101)/(-2))/((-8)/d)?
101
Suppose 0 = -5*k - 15, 0 = -8*f + 3*f + 3*k + 6074. What are the prime factors of f?
1213
Suppose 3*x - 4*o = 664, 7*x - 3*o = 9*x - 437. List the prime factors of x.
2, 5, 11
Let a = -67 - -113. Let w = 116 - a. What are the prime factors of ((-8)/(-10))/(7/w)?
2
Let f(q) = -7*q - 14 + 24*q + q**2 - 6*q - 9*q. What are the prime factors of f(16)?
2, 137
Let q be 249/15 - 8/(-20). List the prime factors of q + (-5)/((-20)/(-8)).
3, 5
Let h = 12 - 4. Let j be (1 - 9)*12/h. List the prime factors of (-1 - -1)/2 - j.
2, 3
Let t = 1523 - 1042. What are the prime factors of t?
13, 37
Suppose 2 = 2*c, 0 = 2*t - c + 2 + 7. Let j(g) = -g**2 - 1. Let z be j(t). List the prime factors of -2 - (2 + -4 + z).
17
Let q(x) = 49*x + 6. Let l be q(4). Let a = l - 74. List the prime factors of a.
2
Suppose 0 = 5*r - r + 2*v - 80, 0 = -5*r - 4*v + 106. Let m = r - 5. List the prime factors of m.
13
Let d = 1720 - 842. What are the prime factors of d?
2, 439
Suppose -5*v - 743 + 12363 = 5*f, 5*f - 5 = 0. What are the prime factors of v?
23, 101
Suppose -6*q - 5*q + 5852 = 0. What are the prime factors of q?
2, 7, 19
Let u = -48 + 37. Let l = -1 - u. Suppose -m = -44 - l. List the prime factors of m.
2, 3
Let x(h) = 1137*h**2 + 31*h - 58. What are the prime factors of x(2)?
2, 569
Let s = -436 - -450. Suppose 9 = -5*g + 4*u, -g + 2 - 5 = -2*u. Let k = s - g. List the prime factors of k.
3, 5
List the prime factors of (88668/(-180))/((-1)/5).
3, 821
Suppose 11*h - 9*h - 84 = 0. Let g = 97 - h. List the prime factors of g.
5, 11
Let v(u) = 15*u + 3. Let j(x) = -x + 1. Let a(g) = 2*j(g) - v(g). Let s(c) = -2*c**2 + c + 1. Let m be s(-1). List the prime factors of a(m).
3, 11
Suppose -3*i - 2*w = -8, 4*i + 12 = 3*w - 0*w. Let q(h) = -h**3 + 4*h**2 - 4*h - 4. Let g be q(4). Let l = i - g. What are the prime factors of l?
2, 5
Let o be (-26)/(-6) + 4/(-12). Let i be -2*5/(5/(-2)). Suppose 3*x + 8 = o*k, -5*k - 4*x = -i - 37. What are the prime factors of k?
5
Suppose -629 = -15*o + 661. What are the prime factors of o?
2, 43
Let m be -2 + 30 + (-2)/2. Suppose 2 + 70 = 2*y + 3*u, -y + 31 = 4*u. Let b = y - m. What are the prime factors of b?
2, 3
Let w be ((-2)/4)/(966/(-968) + 1). What are the prime factors of (w - -5)*2/(-6)?
79
Suppose -2*z = -z - 3, 2*z = k - 290. List the prime factors of k.
2, 37
Suppose 3*o + 27 = 45. List the prime factors of ((-44)/o)/((-32)/720).
3, 5, 11
Suppose 0*i = 2*i. Let v be (i/(-3))/(1*2). Suppose -3*s - 4*x + 7 = v, -2*s + x = 2*s - 41. List the prime factors of s.
3
Suppose -3*r + i = -7, 2*r - 2*i + 0 = 10. What are the prime factors of 9*r - 0/(1 - 3)?
3
Suppose 0 = j - 5*r - 296 - 27, 0 = -4*r - 12. List the prime factors of j.
2, 7, 11
Let b(t) be the second derivative of t**5/20 + t**4/2 - t**2 - 9*t. Let a be b(-6). What are the prime factors of (-115)/a*(-20)/(-25)?
2, 23
Let o = 1 + -18. Let q = -8 - o. Let a(h) = -h + 11. List the prime factors of a(q).
2
Let n(h) = -90 - 4*h + 167 + h - 37. List the prime factors of n(-14).
2, 41
Let h be -1 + 194*3/6. Suppose 2*s = 6*p - 2*p - h, -2*p - 4*s + 28 = 0. List the prime factors of p.
2, 11
Let n(g) be the third derivative of g**5/20 + g**4/12 + 3*g**3/2 - 26*g**2. List the prime factors of n(8).
7, 31
Let w(h) = 32*h + 31. Let j be w(13). Let m = -183 + j. List the prime factors of m.
2, 3, 11
Suppose -2*j = -t - 2, -4 = -3*j + t - 2. Suppose j*v = -4*v + 4, -c - 4*v + 45 = 0. List the prime factors of c.
41
Let h(u) be the third derivative of 0 + 1/8*u**4 - 8*u**2 + 0*u + 23/6*u**3. List the prime factors of h(-6).
5
Suppose -m + 4922 = -3*y + 424, -5*y = 4*m - 18060. What are the prime factors of m?
2, 5, 11, 41
Let i(q) = -q**3 + 29*q**2 + 3*q + 100. What are the prime factors of i(29)?
11, 17
Let r = 1755 - 1158. What are the prime factors of r?
3, 199
Let u = 253 + -226. What are the prime factors of u?
3
Let w = -21 - -25. Suppose p - 149 = 3*j, -5*j + 4*j = w*p - 648. List the prime factors of p.
7, 23
What are the prime factors of -1*(4 - 3)*-182?
2, 7, 13
Let z be ((-2)/(-6))/((-16)/48). List the prime factors of 148 - (-4)/1*z.
2, 3
Let v be (-2)/13 + (-498)/(-26). Let n(q) = q**2 - 15*q + 44. What are the prime factors of n(v)?
2, 3, 5
Let c(d) = 8*d - 60. What are the prime factors of c(34)?
2, 53
Let g(n) = 3*n**2 + 5*n. Suppose 3*p - 5*h - 2 = 0, -p - p - 24 = 3*h. What are the prime factors of g(p)?
2, 3, 13
Let y = 104 + -72. Suppose -y*i + 34*i - 108 = 0. What are the prime factors of i?
2, 3
Suppose -5*r + 23*r - 54 = 0. Let s = 150 + -67. Suppose 4*u + r*p = 88 + 1, -4*u - p = -s. List the prime factors of u.
2, 5
Let h = 5 - 3. Let r be h/(-4)*(-2 - 6). Suppose 2*m + 4*o - o = 10, 0 = -2*m - r*o + 8. List the prime factors of m.
2
Suppose -5*t - b + 10 = 0, 0 = t - 2*b + 4*b + 7. Suppose -q + 55 = -5*a, -t*a = -2*q - a + 78. Suppose q = 2*j - j. List the prime factors of j.
5, 7
Let c be 51/9*-1*3. Let z = 21 + c. Suppose z*s - 43 = 25. What are the prime factors of s?
17
Let y = -43 + 55. List the prime factors of -4*(1 - 249/y).
79
What are the prime factors of ((-1908)/(-108))/((-1)/9*-1)?
3, 53
Let b(a) = 3*a**3 + 3 - 2*a**3 + a**2 - 6*a**2 - 6*a. Suppose -28*d + 18*d + 60 = 0. What are the prime factors of b(d)?
3
Suppose 665 = 5*z + 2*z. Let o = z + -28. What are the prime factors of o?
67
Suppose -101 = 3*y + n + 3*n, -170 = 5*y + 5*n. Let l = y - -60. List the prime factors of l.
5
Let m = -117 + 298. List the prime factors of m.
181
Suppose 8*v = -1265 + 4881. What are the prime factors of v?
2, 113
Suppose -b = -0 + 2, 3*g - b + 10 = 0. Let j = 4 + g. Suppose l = -y + 3, 3*y - 1 = -2*l - j*y. List the prime factors of l.
2
Let d = 49 + -54. Let f(g) = 5 + 4*g**2 + 0 - g - 3*g**2. List the prime factors of f(d).
5, 7
Let r(d) = d**2 + 7*d - 61. Let k be r(-12). Let h(f) = 2 + 59*f**2 - 2 - 1. What are the prime factors of h(k)?
2, 29
Let j(u) = 11*u**2 + 13*u - 29. What are the prime factors of j(6)?
5, 89
Suppose f - 4*f = 0. Suppose 6*x - 2*x - 284 = f. List the prime factors of x.
71
List the prime factors of 1/8 - (-10031)/8 - 2.
2, 313
Let t(i) = i**3 + 7*i**2 - 6*i + 9. Suppose -1 = -v, 2*m + 3 + 12 = -v. Let p be t(m). What are the prime factors of p/((-21)/6)*1?
2
Let s(x) be the third derivative of -x**6/120 + 7*x**5/60 - x**4/6 - x**3 + x**2. Let c be 2*((-1)/(-2) - -2). What are the prime factors of s(c)?
2, 3
Let z(v) be the third derivative of -29*v**4/24 + 7*v**3/2 - 42*v**2. What are the prime factors of z(-3)?
2, 3
Suppose -15*k + 15388 = -5477. What are the prime factors of k?
13, 107
Let k(v) = -v**3 - 12*v**2 - 30*v - 47. List the prime factors of k(-11).
2, 3
Let x = 1023 - -2999. What are the prime factors of x?
2, 2011
Suppose -3*z - 12 = -4*z. Suppose 5*g = 2*r - z, -2*g + 3*r = g + 9. What are the prime factors of (46 - -3) + g - 0?
47
Suppose 5*w = -4*g - 3, -2*g = -4*g - 5*w - 9. List the prime factors of 1745*5*g/